 digit of v(6)?
9
Let d be 2/(-14) - 4/(-28). Suppose d*k = 3*k - 147. What is the tens digit of k?
4
Let q(u) = u**2 + u + 31. Let d(h) = h**3 - 21*h**2 + 18*h + 29. Let v be d(20). What is the tens digit of q(v)?
4
Let x(l) = l. Suppose 3*q - 8*q - 5 = 0. Let y(f) = -f**3 - 6*f**2 + 6*f. Let c(n) = q*y(n) + 3*x(n). What is the units digit of c(-4)?
4
Suppose 2 = 4*w - 14. Suppose 0 = w*y + 3 - 23. Let c = 27 - y. What is the tens digit of c?
2
Suppose u - 3*j + 8 = 0, 0 = u - 6*u - 5*j + 20. Let m(q) = 118*q. What is the tens digit of m(u)?
1
Let d be (7 + 3)*(-3)/2. Let i = d + 39. Suppose 5*o - 7*o = -i. What is the units digit of o?
2
Let d be 4/((28/(-12))/(-7)). Suppose -3*q - d = -7*q. What is the units digit of q?
3
Let a = -1494 - -2128. What is the tens digit of a?
3
What is the hundreds digit of (1296/15 - 3)/((-1)/(-10))?
8
Suppose 11 = -2*i - 5*p, 3*i = -2*i + p - 41. Let f(o) = o**2 + 6*o - 9. What is the units digit of f(i)?
7
Suppose 0 = -4*r - 26 + 74. Suppose -r*x = -19*x + 42. What is the units digit of x?
6
Let u(k) = -3*k - 4. Let c(o) = -4*o - 4. Let b(s) = 4*c(s) - 5*u(s). Let n be b(-5). Let d = 15 - n. What is the units digit of d?
6
Suppose 3*y + 802 = w, 0 = -3*y - 9*w + 5*w - 812. Let x = y + 413. What is the units digit of x?
5
Let u(z) = -7*z. Let b be u(-1). Let v = 12 - b. Suppose -c + 4*c - 2*a - 73 = 0, c + v*a - 47 = 0. What is the units digit of c?
7
Let v(f) = -f**2 - 10*f - 12. Let w be v(-8). Suppose -5*o - w*l + 485 = 0, -5*l + 100 + 18 = o. What is the units digit of o?
3
Let r = 1156 + -673. What is the hundreds digit of r?
4
Suppose 0 = -72*b + 68*b + 6068. What is the hundreds digit of b?
5
What is the units digit of (-465 + 2)*2/(-2)?
3
Let z(k) = -k + 5 + 5 + 8 + k**2 - 11*k. What is the tens digit of z(-11)?
7
Suppose 740*h = 747*h - 29757. What is the units digit of h?
1
Suppose -2*h + 21*h = 7562. What is the tens digit of h?
9
Let w = 9 - -4. Let n(g) = 9*g - 10. What is the units digit of n(w)?
7
Let u = 181 + -138. Suppose -50*t + u*t + 56 = 0. What is the units digit of t?
8
Suppose -1229 = -4*l - 321. What is the units digit of l?
7
Let s(f) = -19*f + f**2 + f**3 + 0*f**3 - 13 + f**3 - 2. Let g(p) = p**3 - 9*p - 7. Let b(k) = -9*g(k) + 4*s(k). What is the units digit of b(5)?
3
Let d be ((-25640)/(-45))/8 - 2/9. Suppose 5*k + 67 = -5*g + 377, 0 = k - 2*g - d. What is the tens digit of k?
6
Let p be (-9)/(-6) + 6/4. Suppose p*i - 43 = -a, 0*i + a = -i + 15. Let t = i + -4. What is the tens digit of t?
1
Let o be (0 + 2)*(-74)/(-4). Suppose -2*u = -3*t + o, 0*t - t + u = -12. What is the units digit of t?
3
Let g be 1 - (-2 + (-3 - -6)). Suppose -5*q + 2*s + 13 = -216, g = 3*q - s - 138. What is the units digit of q?
7
Suppose 0 = -3*d + 4*i + 1748, 0 = -0*d - 2*d - 5*i + 1173. What is the units digit of d?
4
Let a = 29 - 26. Suppose -a = -3*j - 12. What is the units digit of 5/(-15) + (-70)/j?
3
Let x(r) = 14*r - 150. What is the units digit of x(21)?
4
Let r = -56 - -51. Let i(o) = -o + 32. What is the tens digit of i(r)?
3
Suppose k - 46 - 115 = 0. Let u = k - 17. Suppose 0 = -0*h - 4*h + u. What is the units digit of h?
6
Let i(u) = -u**3 - u**2 + 9. Let m be i(0). Suppose m*w - 6*w - 123 = 0. What is the units digit of w?
1
Suppose 2*d + 4*c - 15 = 23, -5*d - 3*c + 74 = 0. Let q(r) = -r**2 - 5*r + 5. Let z be q(-6). Let n = z + d. What is the units digit of n?
2
Suppose -2*n + 5*f = -2, -2*f = -2*n + 5 + 9. Let l(w) = 9*w + 35. What is the hundreds digit of l(n)?
1
Let s(m) be the third derivative of -m**4/24 - 5*m**3/3 - 6*m**2. Let p be s(-10). What is the units digit of 2/(-4)*(p - 14)?
7
Let k = -57 + 149. Suppose 402 = k*o - 89*o. What is the units digit of o?
4
Let q = 63 + -265. Let k = q - -356. What is the units digit of k?
4
Suppose 4*o = 571 + 81. What is the units digit of o?
3
Suppose -3*w + 6*w - 3*j = 24, -22 = -4*w - j. Suppose w*z - 93 = 21. What is the units digit of z?
9
Suppose 2*d + t = 139, -4*d + 290 = -0*d - 2*t. What is the units digit of d?
1
Let l = -244 + 413. What is the hundreds digit of l?
1
Let h(i) = 14*i + 30. Suppose 14 = 2*o + 4*b, -o = -3*b + 1 - 13. What is the tens digit of h(o)?
5
Let t = -205 + 288. Let p = t - 40. What is the units digit of p?
3
Let p(y) = -y**3 - 20*y**2 - 44*y - 6. What is the tens digit of p(-19)?
6
Let l be 5/(-15)*1*-12. Suppose 0*z = -l*z + 248. What is the units digit of z?
2
Let g(s) be the third derivative of s**6/120 + s**4/12 + 40*s**3/3 - 7*s**2. What is the units digit of g(0)?
0
Let m(t) be the second derivative of 11*t**4/12 - t**3/2 + t**2 + 31*t. What is the tens digit of m(3)?
9
Suppose 5 = -3*g + 11. Suppose 3*y = -g*y. Suppose -5*n - 18 + 138 = y. What is the tens digit of n?
2
Let n(c) = 28*c - 82. What is the hundreds digit of n(17)?
3
Let a(f) = -7*f**3 - 8*f**2 + 3*f - 25. What is the units digit of a(-6)?
1
Let q(p) = p**3 - 6*p**2 - p + 7. Let b = 2 - -4. Let r be q(b). What is the tens digit of r*3*148/12?
3
What is the tens digit of (2 + -3 - 14)/(1/(-7))?
0
Let m(r) = -r**2 - r + 12. Let h be m(0). Let n be 3/(h/16*2). Suppose -2*p - n = 2, 5*p - 22 = -4*u. What is the units digit of u?
8
Suppose -2*n - 3*b + 53 - 4 = 0, 130 = 5*n + 5*b. Let s = 102 - n. What is the tens digit of s?
7
Let o = 54 + -36. Suppose 2*g = -o + 6. Let t = g + 27. What is the tens digit of t?
2
Let f(i) = -i**2 - 6*i + 10. Let h be f(-7). Let m be (7 - h - -2) + -1. Suppose m*x - 2 = 2*o - 7, -5 = -x. What is the tens digit of o?
1
Suppose 0 = 2*j - 5*n - 13, 39 = -4*j - 5*n - 10. What is the units digit of (2/j)/((-9)/162)?
6
Let b be (283 - 0) + (-1 - -6). Suppose 4*y = 756 + b. What is the units digit of y?
1
Suppose -w + 3*z + 3319 - 3 = 0, 3*w - 9948 = -4*z. What is the tens digit of w?
1
Let a(n) = 10*n + 9. Let h be a(7). Suppose 3*l - h = 56. What is the units digit of l?
5
Let t(z) = z**3 - 3*z**2 - z - 1. Let v be t(-5). Let c = -105 - v. What is the units digit of c?
1
Suppose 0 = 2*b - 7*b. Suppose -2*s + 6*s = b. Suppose -o - 39 = -z, -3*z + o + s*o + 127 = 0. What is the tens digit of z?
4
Let a = -221 + 224. Let x(o) = -o**2 + 5*o. Let v be x(5). Suppose f + 38 = 3*m + 2*m, -a*m + 5*f + 36 = v. What is the units digit of m?
7
Let q(g) = 14*g**2 - 130*g + 17. What is the tens digit of q(13)?
9
Suppose n - 5*n - 20 = 0. Let v be (-63)/n + (-3)/5. Let r = v - 0. What is the units digit of r?
2
Suppose -9 = -2*c - w, 5*c - 9*w = -12*w + 21. Suppose b - 2*q + 1 = -0, -5*b + q = -13. Suppose v + b = c. What is the units digit of v?
3
Suppose 3*z - 8*b + 4*b = 3546, 0 = -2*b - 6. What is the tens digit of z?
7
Let w be 4/(-10)*(4 + -44). Let a = 42 + w. What is the units digit of a?
8
Let h(w) = -w + 4. Let u be h(0). Suppose 0 = -4*n - 5*x + 217, 2*n - u*n - x + 113 = 0. What is the tens digit of n?
5
Let f = -539 + 1422. What is the hundreds digit of f?
8
What is the tens digit of -5 - (-4 + 1) - -526?
2
Let g = -4 - 8. Let u(o) = -o**3 - 9*o**2 - 5*o - 20. Let v(h) = -h**2 + 2*h + 1. Let p(c) = -u(c) - 3*v(c). What is the tens digit of p(g)?
2
Suppose 0 = -4*v - 0*v - 80. Let d be v/70 - 60/(-14). Suppose 3*h - 2*h = 4*u - 15, -d*u + 5*h = -11. What is the units digit of u?
4
Let s = 5180 - 1634. What is the thousands digit of s?
3
Suppose 5*k - 6*m = -5*m + 10835, 4*k = m + 8667. What is the thousands digit of k?
2
Suppose 4*r - z - 164 = -r, -2*r = -z - 65. Let a = 115 + -66. Let s = a - r. What is the tens digit of s?
1
Let a(z) = -265*z + 16. What is the hundreds digit of a(-3)?
8
Let d(g) = 11*g**2 - 5*g + 40. What is the units digit of d(-7)?
4
Let z(r) = -46*r + 5. Let a be z(-2). Suppose 5*h - a - 233 = 0. What is the tens digit of h?
6
Suppose 927 = 14*t - 417. Let r = t + 48. What is the tens digit of r?
4
Suppose -s - 23 = -27. Suppose 2*q - 2*p - 32 = 0, 3*p + 0*p + 65 = s*q. What is the tens digit of q?
1
Let r = 90 + -92. What is the hundreds digit of ((-4448)/(-48))/(r/(-3))?
1
Suppose -256 = a - 1074. What is the hundreds digit of a?
8
Let q be (102/(-15))/((-4)/10). Let w = 21 - q. Suppose -3*j + 2*j = -5*k + 355, -313 = -w*k - 5*j. What is the tens digit of k?
7
Let t(q) = -q**3 + 14*q**2 - 26*q + 39. What is the tens digit of t(10)?
7
Let c = 37 + -33. Suppose -2*t = -t + 1, 0 = c*m - 3*t -